{"id":16,"date":"2014-01-28T01:50:19","date_gmt":"2014-01-27T23:50:19","guid":{"rendered":"http:\/\/tierfriedhof-steglitz.de\/?page_id=16"},"modified":"2014-12-28T16:12:26","modified_gmt":"2014-12-28T14:12:26","slug":"tier-trauerkultur","status":"publish","type":"page","link":"https:\/\/tierfriedhof-steglitz.de\/?page_id=16","title":{"rendered":"Tier-Trauerkultur"},"content":{"rendered":"<table style=\"text-align: center;\">\n<tbody>\n<tr>\n<td width=\"200\">\n<table>\n<tbody>\n<tr>\n<td><img loading=\"lazy\" decoding=\"async\" class=\"alignnone size-full wp-image-87\" src=\"http:\/\/tierfriedhof-steglitz.de\/wp-content\/uploads\/Sanssoucie1.jpg\" alt=\"Sanssoucie1\" width=\"172\" height=\"102\" \/><\/td>\n<\/tr>\n<tr>\n<td><img loading=\"lazy\" decoding=\"async\" class=\"alignnone size-full wp-image-88\" src=\"http:\/\/tierfriedhof-steglitz.de\/wp-content\/uploads\/Sanssoucie4.jpg\" alt=\"Sanssoucie4\" width=\"172\" height=\"81\" \/><\/td>\n<\/tr>\n<tr>\n<td><img loading=\"lazy\" decoding=\"async\" class=\"alignnone size-full wp-image-86\" src=\"http:\/\/tierfriedhof-steglitz.de\/wp-content\/uploads\/Pferdegrab3.jpg\" alt=\"Pferdegrab3\" width=\"172\" height=\"129\" \/><\/td>\n<\/tr>\n<\/tbody>\n<\/table>\n<\/td>\n<td style=\"vertical-align: top;\">\n<h2><span style=\"color: #008000;\">Sterbe-, Trauer- und Bestattungskultur bei Haustieren<\/span><\/h2>\n<p><span style=\"color: #008000;\">sind keine Erscheinung heutiger Zeit. Sie lassen sich bis in die Antike des alten \u00c4gypten zur\u00fcck verfolgen, so zum Bespiel bei Katzen.<\/span><\/p>\n<p><span style=\"color: #008000;\">Markanteste Tierbestattungen in Deutschland sind im Raum Berlin-Brandenburg die auf das Jahr 1744 zur\u00fcck gehenden Gr\u00e4ber f\u00fcr 13 ital. Windspiele, die der Alte Fritz auf der Terrasse des Schlosses Sanssouci (1+2) anlegen lie\u00df. In seinem Testament bestimmte er, dass er selbst dort neben seinen Hunden bestattet werden wollte. Dieses Verm\u00e4chtnis des Alten Fritz wurde erst nach dem Fall der Berliner Mauer 1991 erf\u00fcllt.<\/span><\/p>\n<p><span style=\"color: #008000;\">F\u00fcrst P\u00fcckler Muskau lie\u00df im Park des Schlosses Branitz bei Cottbus f\u00fcr sein Pferd (3+4) und seinen Hund &#8222;Nini&#8220; Gr\u00e4ber anlegen. In Klitzkow bei Buntzlau besteht noch heute eine Grabanlage (5) f\u00fcr mehrere Pferde des Gest\u00fcts. In Kassel-Wilhelmsh\u00f6he ist das Grab des Leibrosses des Landgrafen von Hessen-Rotenburg und des Dackels &#8222;Erdmann&#8220; (6) zu finden, welches Kaiser Wilhelm errichten lie\u00df. Au\u00dferdem ist dort das &#8222;Affendenkmal&#8220; eine Sehensw\u00fcrdigkeit, welches vom Gutsbesitzer Minister von Schlieffen in Auftrag gegeben worden ist.<\/span><\/p>\n<p><span style=\"color: #008000;\">Auch Richard Wagner lie\u00df seine Hunde im Garten seiner Villa in Bayreuth beerdigen.<\/span><\/td>\n<td width=\"200\">\n<table style=\"text-align: center;\">\n<tbody>\n<tr>\n<td style=\"text-align: center;\"><img loading=\"lazy\" decoding=\"async\" class=\"alignnone size-full wp-image-84\" src=\"http:\/\/tierfriedhof-steglitz.de\/wp-content\/uploads\/HundegrabNini.jpg\" alt=\"HundegrabNini\" width=\"76\" height=\"101\" \/><\/td>\n<\/tr>\n<tr>\n<td style=\"text-align: center;\"><img loading=\"lazy\" decoding=\"async\" class=\"alignnone size-full wp-image-85\" src=\"http:\/\/tierfriedhof-steglitz.de\/wp-content\/uploads\/Klitzkow.jpg\" alt=\"Klitzkow\" width=\"150\" height=\"81\" \/><\/td>\n<\/tr>\n<tr>\n<td style=\"text-align: center;\"><img loading=\"lazy\" decoding=\"async\" class=\"alignnone size-full wp-image-83\" src=\"http:\/\/tierfriedhof-steglitz.de\/wp-content\/uploads\/Dackelgraqb.jpg\" alt=\"Dackelgraqb\" width=\"175\" height=\"124\" \/><\/td>\n<\/tr>\n<\/tbody>\n<\/table>\n<\/td>\n<\/tr>\n<\/tbody>\n<\/table>\n","protected":false},"excerpt":{"rendered":"<p>Sterbe-, Trauer- und Bestattungskultur bei Haustieren sind keine Erscheinung heutiger Zeit. Sie lassen sich bis in die Antike des alten \u00c4gypten zur\u00fcck verfolgen, so zum Bespiel bei Katzen. Markanteste Tierbestattungen in Deutschland sind im Raum Berlin-Brandenburg die auf das Jahr 1744 zur\u00fcck gehenden Gr\u00e4ber f\u00fcr 13 ital. Windspiele, die der Alte Fritz auf der Terrasse&hellip;<\/p>\n","protected":false},"author":1,"featured_media":0,"parent":0,"menu_order":2,"comment_status":"closed","ping_status":"closed","template":"","meta":{"footnotes":""},"class_list":["post-16","page","type-page","status-publish","hentry"],"_links":{"self":[{"href":"https:\/\/tierfriedhof-steglitz.de\/index.php?rest_route=\/wp\/v2\/pages\/16","targetHints":{"allow":["GET"]}}],"collection":[{"href":"https:\/\/tierfriedhof-steglitz.de\/index.php?rest_route=\/wp\/v2\/pages"}],"about":[{"href":"https:\/\/tierfriedhof-steglitz.de\/index.php?rest_route=\/wp\/v2\/types\/page"}],"author":[{"embeddable":true,"href":"https:\/\/tierfriedhof-steglitz.de\/index.php?rest_route=\/wp\/v2\/users\/1"}],"replies":[{"embeddable":true,"href":"https:\/\/tierfriedhof-steglitz.de\/index.php?rest_route=%2Fwp%2Fv2%2Fcomments&post=16"}],"version-history":[{"count":13,"href":"https:\/\/tierfriedhof-steglitz.de\/index.php?rest_route=\/wp\/v2\/pages\/16\/revisions"}],"predecessor-version":[{"id":439,"href":"https:\/\/tierfriedhof-steglitz.de\/index.php?rest_route=\/wp\/v2\/pages\/16\/revisions\/439"}],"wp:attachment":[{"href":"https:\/\/tierfriedhof-steglitz.de\/index.php?rest_route=%2Fwp%2Fv2%2Fmedia&parent=16"}],"curies":[{"name":"wp","href":"https:\/\/api.w.org\/{rel}","templated":true}]}}