{"id":146,"date":"2014-01-30T19:51:29","date_gmt":"2014-01-30T17:51:29","guid":{"rendered":"http:\/\/tierfriedhof-steglitz.de\/?page_id=146"},"modified":"2021-10-07T21:52:34","modified_gmt":"2021-10-07T19:52:34","slug":"tierurne-eigener-herstellung","status":"publish","type":"page","link":"https:\/\/tierfriedhof-steglitz.de\/?page_id=146","title":{"rendered":"Tierurnen aus eigener Herstellung"},"content":{"rendered":"<p><strong><span style=\"color: #008000;\">Wir bieten Ihnen Tierurnen aus eigener oder fremder Herstellung in unterschiedlichen Materialien, Dekoren und Gr\u00f6\u00dfen zu g\u00fcnstigen Preisen an. Urnen und Aschengef\u00e4\u00dfe f\u00fcr Tiere sind aus Karton, Holz, Ton, Keramik, Metall oder Glas kurzfristig lieferbar. Sie k\u00f6nnen in vielen F\u00e4llen mit dem Namen des verstorbenen Haustieres, den Lebensdaten und \/ oder einem Bild \/ Medaillon versehen werden.<\/span><\/strong><\/p>\n<p><strong><span style=\"color: #008000;\">Wir fertigen auch Tierurnen in eingener Herstellung und nach Kundenw\u00fcnschen aus Holzspan, Karton, Styropor oder Pappelholz an. Wir liefern auch Rohlinge zur eigenen Bemalung oder Gestaltung.<\/span><\/strong><\/p>\n<p><strong><span style=\"color: #008000;\">Tierurnen gibt es in Gr\u00f6\u00dfen von 0,5 bis 3,0 Liter Inhalt und richten sich nach der Tierart, Gr\u00f6\u00dfe und dem Lebendgewicht. In der Regel werden f\u00fcr Katzen und kleine Hunderassen Tierurnen in 1,0 Liter, f\u00fcr mittelgro\u00dfe Hunderassen 1,5 Liter und f\u00fcr gro\u00dfe Hunderassen 2,5 Liter Inhalt gew\u00e4hlt.<\/span><\/strong><\/p>\n<p><strong><span style=\"color: #008000;\">Die Preise richten sich nach Material, Gr\u00f6\u00dfe und Art der Tierurnen und sind etwa ab 35,&#8211; \u20acuro aufw\u00e4rts lieferbar.<\/span><\/strong><\/p>\n<p><strong><span style=\"color: #008000;\">Wir senden Ihnen gern unsere Informationsmappe &#8222;Tierurnen&#8220; zur Auswahl zu. Rufen Sie uns einfach an.<\/span><\/strong><\/p>\n<p><center><strong><span style=\"color: #008000;\">B\u00e4rolina Haustierbestattungen,<br \/>\nStephanie Mitschke, Bismarckstra\u00dfe 52, 12169 Berlin-Steglitz.<br \/>\nTel. 030 703 703 39, Fax 030 703 702 40,<\/span><\/strong><\/center><\/p>\n","protected":false},"excerpt":{"rendered":"<p>Wir bieten Ihnen Tierurnen aus eigener oder fremder Herstellung in unterschiedlichen Materialien, Dekoren und Gr\u00f6\u00dfen zu g\u00fcnstigen Preisen an. Urnen und Aschengef\u00e4\u00dfe f\u00fcr Tiere sind aus Karton, Holz, Ton, Keramik, Metall oder Glas kurzfristig lieferbar. Sie k\u00f6nnen in vielen F\u00e4llen mit dem Namen des verstorbenen Haustieres, den Lebensdaten und \/ oder einem Bild \/ Medaillon&hellip;<\/p>\n","protected":false},"author":1,"featured_media":0,"parent":18,"menu_order":11,"comment_status":"closed","ping_status":"closed","template":"","meta":{"footnotes":""},"class_list":["post-146","page","type-page","status-publish","hentry"],"_links":{"self":[{"href":"https:\/\/tierfriedhof-steglitz.de\/index.php?rest_route=\/wp\/v2\/pages\/146","targetHints":{"allow":["GET"]}}],"collection":[{"href":"https:\/\/tierfriedhof-steglitz.de\/index.php?rest_route=\/wp\/v2\/pages"}],"about":[{"href":"https:\/\/tierfriedhof-steglitz.de\/index.php?rest_route=\/wp\/v2\/types\/page"}],"author":[{"embeddable":true,"href":"https:\/\/tierfriedhof-steglitz.de\/index.php?rest_route=\/wp\/v2\/users\/1"}],"replies":[{"embeddable":true,"href":"https:\/\/tierfriedhof-steglitz.de\/index.php?rest_route=%2Fwp%2Fv2%2Fcomments&post=146"}],"version-history":[{"count":6,"href":"https:\/\/tierfriedhof-steglitz.de\/index.php?rest_route=\/wp\/v2\/pages\/146\/revisions"}],"predecessor-version":[{"id":568,"href":"https:\/\/tierfriedhof-steglitz.de\/index.php?rest_route=\/wp\/v2\/pages\/146\/revisions\/568"}],"up":[{"embeddable":true,"href":"https:\/\/tierfriedhof-steglitz.de\/index.php?rest_route=\/wp\/v2\/pages\/18"}],"wp:attachment":[{"href":"https:\/\/tierfriedhof-steglitz.de\/index.php?rest_route=%2Fwp%2Fv2%2Fmedia&parent=146"}],"curies":[{"name":"wp","href":"https:\/\/api.w.org\/{rel}","templated":true}]}}